*y - y. Give o(1).
-4
Let w(p) = -p**2 - 5*p - 6. Suppose 5 + 7 = -3*h. Give w(h).
-2
Suppose 0 = y + 3*y - 16. Suppose -3*k + y + 7 = 4*x, -3*x = 2*k - 8. Let h(m) = -4*m + 2. Determine h(x).
-6
Let l = 34 + -37. Let x(u) = -u**3 - 3*u**2 - 2*u. Determine x(l).
6
Suppose -10*h = -9*h + 2. Let y(z) = z**3 - z**2 - z + 2. Give y(h).
-8
Let z(d) = 2*d**3 + 3*d**2 + d + 1. Let i = 9 - 11. Give z(i).
-5
Let g(u) be the third derivative of -u**5/20 - u**4/8 + u**2. Let c(n) = -2*n**3. Let t be c(1). Give g(t).
-6
Let h be 3/5 - 72/(-30). Let o(s) = 3 + 3*s**h + 0*s**2 + 5*s + s**2 + 2*s**2 - 2*s**3. Calculate o(-3).
-12
Let f(i) = -i + 8. Let s be f(6). Let a(h) = 5 + 2 - h**3 + 3*h**s + 3*h**2 - 3. What is a(6)?
4
Let h(u) = -6*u + 4. Let t(q) = 6*q - 4. Let l(n) = -3*h(n) - 4*t(n). Determine l(3).
-14
Let c(f) = -f + 9. Let l(z) = -z - 2. Let i be l(-8). Let q be c(i). Let w(h) = -h**3 + 3*h**2 - 3*h + 2. Calculate w(q).
-7
Let c(o) be the second derivative of o**4/12 + 5*o**3/6 + 3*o**2/2 - 11*o. What is c(-5)?
3
Let f(k) = -10*k**3 + 2*k**2 + 16*k - 6. Let m(w) = 3*w**3 - w**2 - 5*w + 2. Let l(j) = -2*f(j) - 7*m(j). Give l(3).
7
Let k be 52/5 + 10/(-25). Suppose 4*h + 5 = -h + 5*d, 5*d - k = 0. Let v(y) = 11*y - 1. Calculate v(h).
10
Let a = 47 + -44. Let f(r) = -r**3 + 2*r**2 - 3*r + 3. Give f(a).
-15
Let y(o) = -o**3 - 8*o**2 + 6*o - 1. Let u(c) = -2*c**3 - 17*c**2 + 12*c - 2. Let n(s) = -4*u(s) + 9*y(s). What is n(-5)?
-6
Suppose 2*v = -0*v - 12. Let y be 1/2 - 15/v. Let x(m) be the first derivative of m**4/4 - 2*m**3/3 - m**2/2 - 2*m + 6. What is x(y)?
4
Let d(f) = -f**2 - 8*f. Suppose -a - 2 = 2*h, -3*a + 0*a - 4*h - 2 = 0. Let p(b) = b. Let l(x) = a*p(x) + d(x). Let m be (-9)/15 - 22/5. Determine l(m).
5
Let w(g) = -g**2 + g + 5. Let h = -34 - -39. Calculate w(h).
-15
Let y = 2 + -1. Suppose -d + 2 - y = 0. Let s(a) be the third derivative of -a**5/10 - a**4/12 + a**3/6 - a**2. What is s(d)?
-7
Let i = 22 - 22. Suppose -2*v + 2 = -4, 3*m = 4*v - 3. Let k(q) = q**3 + 1 - 2*q**m - 5. Calculate k(i).
-4
Suppose p - i - 3 = 0, -p - 19 = 4*i - 7. Let u(o) = 1 + o**3 - 7*o + 3*o - o**2 + 3*o. Give u(p).
1
Let y(h) be the first derivative of h**6/360 + h**5/120 - h**4/12 + h**3 - 3. Let i(r) be the third derivative of y(r). Give i(2).
4
Let n(b) be the first derivative of -3*b**4 + b**3/3 + b**2 + b - 14. Calculate n(-1).
12
Let u(c) be the third derivative of -c**6/24 + c**3/6 + 7*c**2. Suppose -q - 2 = -1. Calculate u(q).
6
Let z(s) = 6*s - 9*s**3 - 8 + 10*s**3 - 7*s**2 + 0*s**2 + 0*s**3. Determine z(6).
-8
Let z(k) = 1 - 2 + k + 5. Let b(a) = -a**2 - 5*a. Let i be b(-5). Let m be 1*-2 + -1 - i. Determine z(m).
1
Let m(t) = 0 + 0*t + 2 + 4 - t. What is m(0)?
6
Let w(p) be the third derivative of -5*p**4/24 + 4*p**2. Suppose 5*i - 11 = 3*k, 4*k + 0*i + i = -7. Let n be k/6 - (-4)/(-6). Give w(n).
5
Let s = -565 + 565. Let f(c) be the first derivative of c**3/3 + c**2/2 - 4*c - 1. Give f(s).
-4
Let f(u) = 2*u + 8. Let t = 15 - 12. Suppose 2*o - t*o = 6. Give f(o).
-4
Let r be (4/12)/(2/24). Let y(u) = -2*u + u - u**2 + 0*u - r + 4*u. What is y(3)?
-4
Let v(h) be the third derivative of -h**4/24 + h**3/6 - 40*h**2. Give v(0).
1
Let d = -4 + 8. Let g = d + -8. Let v(u) = -4*u - 11. Let y(q) = -q - 3. Let z(f) = -2*v(f) + 9*y(f). Give z(g).
-1
Let s(l) = -l + 2. Let r(u) = u**2 - 17*u - 21. Let h be r(18). Determine s(h).
5
Let o(f) = 2*f - 3. Let k(v) = 2*v**2 - 2*v + 6. Let q be k(3). Let t = 20 - q. Give o(t).
1
Let w = -3 - -6. Suppose -w*l = 3*i - 24, 0*l + 4 = 2*i - 4*l. Let q(x) = x**3 - 5*x**2 - 6*x. Give q(i).
0
Let i(y) = -y**2 - 6*y + 2. Suppose 0 = 3*g + 8 - 2. Suppose -9 = -n - 5*c, 6*n + 9 = 5*n + 4*c. Let d = n + g. Calculate i(d).
11
Let m be (5/((-15)/78))/1. Let c = -33 - m. Let a(p) = p + 7. Determine a(c).
0
Let y(o) be the second derivative of 1/2*o**2 + 0 - 1/3*o**3 - 4*o - 1/6*o**4. Let f(m) = -2*m + 6. Let i be f(4). Give y(i).
-3
Let u(w) = 2*w**2 + 1. Let y(d) = -3*d**2 - 1. Let a(b) = 4*u(b) + 3*y(b). Determine a(-2).
-3
Let w(i) = i**2 - i. Let z(b) = 6*b**2 - b - 8. Let s(k) = -5*w(k) + z(k). What is s(-6)?
4
Suppose l + l = -8. Let v = -2 - l. Let t(p) = p**3 + p - 1. Let z(g) = -3*g**3 - 5*g**2 - 2*g + 6. Let i(q) = 4*t(q) + z(q). What is i(v)?
-6
Let i(o) = o + 1. Let d be 2/(-3)*60/(-8). Give i(d).
6
Suppose 5*x = -5*o - 5, 4*x + 11 = -x - 3*o. Let z(v) be the third derivative of -v**5/60 - v**4/6 - v**3/6 + 6*v**2. Give z(x).
-1
Let r(l) = l + 2. Let k(i) = -2*i + 5. Let j(z) = k(z) - 2*r(z). What is j(-3)?
13
Let d(b) = -13*b**2 + b - 1. Let z(u) = 13*u**2 - u + 1. Let i(h) = -3*d(h) - 2*z(h). Give i(1).
13
Let h(l) = -l**3 + 3*l**2 + 5*l - 1. Let o(i) = -i**2 - 9*i - 4. Let k be o(-8). Let n be h(k). Let p(y) = 0 - 2*y + 1 + y**3 + 5*y - 5*y**2. Calculate p(n).
-8
Let t = -10 - -26. Suppose 0 = -5*y + t - 6. Let s(l) = -l**2 + 4*l - 3. Let p be s(y). Let a(z) = -7*z + 1. Give a(p).
-6
Let f(t) = t**3 + 5*t**2 + 3*t + 1. Let s(r) = -r + 1. Let h(a) = -f(a) - 2*s(a). Give h(-5).
2
Let a(g) be the second derivative of -g**6/120 - g**5/10 - g**4/6 + g**3/2 - 3*g**2/2 - 6*g. Let r(t) be the first derivative of a(t). Calculate r(-5).
-2
Let c be 31/11 - 6/(-33). Let d(i) = -1 + 0 - 2*i**2 + 2*i - 11*i**3 + 2*i**c. Let z be 10/12 + 2/12. Calculate d(z).
-10
Let u = -19 - -12. Let l(s) = -s - 1. Calculate l(u).
6
Suppose 5*t - 33 = -3*b, 4*b - 2*t - 3*t = 9. Let h(v) = -106*v - 5 + v**2 + 208*v - 6*v**2 - 108*v + v**3. Calculate h(b).
-5
Let d be 1/(-2 + 63/30). Let h = -7 + d. Let f(l) = -l**2 - 2*l + 2. Calculate f(h).
-13
Let b(v) = -v**3 + 3*v**2 - v + 4. Suppose 2*c - 5 + 13 = 0. Let l = 56 - 40. Let y be 13/4 + c/l. Determine b(y).
1
Let c be 5/2 + -1 + (-13)/13. Let g(r) be the second derivative of 0 + 3*r + c*r**3 - 3/2*r**2 + 1/12*r**4. Calculate g(-4).
1
Let v(h) = -h**3 + 6*h**2 - 7*h - 1. Let a be 4 + -1 + 3 + -1. Calculate v(a).
-11
Let d(c) = -4*c**2 - 6 - c + 4 + 3*c**2. Let r be d(0). Let f(a) be the second derivative of 5*a**3/6 + a**2 + 18*a. What is f(r)?
-8
Let w be ((-10)/2 - -1) + 1. Let i(h) = -5*h - 2. Let y(s) = 6*s + 3. Let c(m) = 3*i(m) + 2*y(m). Calculate c(w).
9
Let o = -25 - -13. Let h be ((-4)/2)/((-8)/o). Let q(w) = -8*w**2 - 11*w + 4. Let f(i) = 7*i**2 + 10*i - 3. Let b(l) = -7*f(l) - 6*q(l). What is b(h)?
0
Let p(m) be the third derivative of -m**5/60 + m**4/8 - m**3/3 - 4*m**2. Let i be p(3). Let r(s) be the second derivative of -2*s**3/3 - s. What is r(i)?
8
Suppose -5*v + 5 - 15 = 0. Let y be (-9)/(-9) - v*1. Let d(w) be the second derivative of -w**5/20 + w**4/3 - w**3/2 + 2*w**2 - 3*w. What is d(y)?
4
Suppose 3*r - 6 = -5*i, 3*i - 4*i + r = -6. Let w(y) = -y**2 + 7*y - 4. Determine w(i).
8
Let v(n) = n**2 + n - 4. Let o(t) = -t + 3. Let q be o(0). Let m be -2 + 1 - (-1 + q). Give v(m).
2
Let j(k) = k - k**2 - 2 + 5 - 1. Let n(p) be the second derivative of p**4/4 - p**3/2 - 5*p**2/2 + 2*p. Let v(m) = 8*j(m) + 3*n(m). Determine v(1).
1
Let w(s) be the first derivative of 2 - 1/3*s**3 + 6*s - 2*s**2. Give w(-6).
-6
Let l(w) = -6*w**2 - 3*w**2 + 2*w + 2*w**2 - 1. Determine l(1).
-6
Let k(o) = -o**3 + o**2 + o. Let x(g) = -g**2 - 3*g. Let t be x(-2). Determine k(t).
-2
Suppose -3*l - c - c + 18 = 0, 5*c = -2*l + 23. Suppose -4*n + l*s = -32, 0 = -3*s - s - 8. Let i(t) = -4*t + n*t - t + 1 + 1. What is i(-5)?
-3
Let r(h) = -h**3 - h**2 + h + 1. Let q(i) = 3*i**3 - i**3 + 4*i**2 + i**3 - 4 - 2*i**3. Let p(l) = q(l) + 3*r(l). Calculate p(2).
-7
Let k(i) be the first derivative of i**3/3 + 3*i**2/2 + i - 4. What is k(-5)?
11
Let z(n) = -23*n**2 + 25*n**2 - 2*n + 5 - 4 + 2*n**3. Calculate z(1).
3
Let z = -10 - -10. Let v be 2*(z + (-20)/(-8)). Let o(q) = q**2 - 2*q - 4. Give o(v).
11
Let k(d) = d**3 + d**2 - d - 1. Let u be k(-1). Let t be -2*4/(u + -4). Let j(g) = 3*g**2 - g - 2. Determine j(t).
8
Let b(m) be the third derivative of -m**6/120 - m**5/30 + m**4/8 + m**3/3 + 91*m**2. Let r be (1/(-1) + 2)*-2. Give b(r).
-4
Let p(r) = 4*r - 4. Let t(s) = s - 1. Let x(q) = p(q) - 3*t(q). Suppose 0 = -4*y + 8 - 0. Calculate x(y).
1
Let j(k) = k + 9. Suppose 5 = -2*q - 9. Determine j(q).
2
Let t be 1 - (0 - -3)*-1. Let p(w) = -14 - 3*w + 3*w**2 + w**3 - t*w + 0*w + 8. Give p(-4).
6
Let n = -9